et s(p) = -32*p**2 + 132*p + 116. Calculate s(6).
-244
Let t(f) = -738*f - 28779. What is t(-39)?
3
Let b(v) = -v**3 - 405*v**2 - 29236*v - 658. Give b(-311).
-36
Let m(b) = -b**2 - 12720*b + 510398. Calculate m(40).
-2
Let y(h) = -2*h**2 - 12336*h + 5101365. What is y(389)?
19
Let w(s) = -83*s**3 + 257*s**2 + 357*s - 1146. What is w(3)?
-3
Let c(f) = -f**3 - 297*f**2 - 1464*f - 1132. Calculate c(-292).
36
Let p(h) = -1588*h + 636798. Determine p(401).
10
Let g(i) = 194493*i + 1555956. Give g(-8).
12
Let n(g) = 3*g + 1212. What is n(15)?
1257
Let i(h) = -h**3 - 110*h**2 - 11*h - 1001. Calculate i(-110).
209
Let f(x) = x**3 - 90*x**2 + 1996*x - 126. Calculate f(50).
-326
Let y(n) = -9*n**2 + 366*n - 1092. What is y(3)?
-75
Let t(w) = -322*w**2 + 109*w - 105. What is t(1)?
-318
Let c(s) = -1428*s - 3016. Calculate c(-2).
-160
Let v(n) = -1138844*n - 4555362. Give v(-4).
14
Let h(p) = -84*p**2 - 2269*p - 4164. What is h(-2)?
38
Let a(c) = -8*c**2 + 5205*c - 23916. What is a(646)?
-14
Let s(w) = w**3 + 10*w**2 + 277*w + 2419. Calculate s(-9).
7
Let z(a) = 478307*a + 4783087. Give z(-10).
17
Let v(o) = -3*o**2 - 464*o + 1178. What is v(-158)?
-402
Let p(l) = l**3 - 8*l**2 - 9502*l + 47582. Calculate p(5).
-3
Let u(c) = 136*c**2 + 1906*c - 32. What is u(-14)?
-60
Let h(p) = -7*p**3 - 16*p**2 + 3*p + 88. What is h(5)?
-1172
Let z(n) = -4463*n - 374899. Give z(-84).
-7
Let o(s) = -3122*s - 10446. Determine o(-3).
-1080
Let y(q) = q**2 - 255*q - 45494. What is y(-119)?
-988
Let o(v) = 34*v**2 - 2649*v - 295. What is o(78)?
-61
Let m(x) = x**2 - 19*x + 35. Determine m(-10).
325
Let a(p) = -1046*p + 745192. What is a(712)?
440
Let i(l) = 2*l**3 + 59*l**2 + 9*l + 944. Determine i(-29).
1524
Let x(d) = d**2 + 1313*d - 92449. What is x(67)?
11
Let g(p) = 52*p**2 - 160*p + 609. Determine g(3).
597
Let i(h) = 577*h + 6198. Give i(-11).
-149
Let g(l) = -l**2 - 41710*l - 1500262. Give g(-36).
2
Let h(n) = -138*n**2 + 3352*n - 977. Determine h(24).
-17
Let g(v) = 425280*v - 1275834. Calculate g(3).
6
Let y(i) = -27*i**2 + 12*i + 52. Give y(-3).
-227
Let h(p) = -4*p**2 - 3240*p - 149153. Calculate h(-761).
3
Let b(n) = -42*n**2 - 217*n - 202. What is b(-1)?
-27
Let x(d) = -d**3 - 87*d**2 + 176*d - 202. What is x(-89)?
-24
Let a(w) = 15*w**2 - 192*w + 1400. Calculate a(8).
824
Let v(n) = 4*n**2 - 114*n - 103. Calculate v(34).
645
Let n(d) = 2*d**2 - 30892*d + 6218732. Determine n(204).
-4
Let m(d) = -2397*d + 563315. Determine m(235).
20
Let a(m) = 181*m - 9553. Determine a(54).
221
Let n(r) = 133*r - 40421. Calculate n(304).
11
Let t(c) = 4*c**3 - 43*c**2 + 20*c - 565. What is t(11)?
-224
Let b(d) = -10484*d + 251470. Give b(24).
-146
Let j(c) = c**3 + 53*c**2 + 25415*c + 1290967. Give j(-51).
4
Let b(y) = -2*y**2 - 2767*y + 176212. Give b(61).
-17
Let r(b) = -91*b - 867. Give r(-11).
134
Let u(o) = 7*o**2 - 1419*o + 27792. Calculate u(22).
-38
Let g(l) = 353*l**2 + 8472*l - 213. What is g(-24)?
-213
Let b(u) = u**2 - 652*u + 8274. What is b(13)?
-33
Let p(o) = -2*o**3 - 27*o**2 + 164*o + 1402. Determine p(-16).
58
Let n(d) = 6*d**3 + 254*d**2 + 359*d + 11546. What is n(-42)?
-4
Let y(s) = -s**3 - 63*s**2 - 968*s + 549. Determine y(-34).
-63
Let l(n) = 11*n**2 + 165*n - 986. Give l(6).
400
Let n(p) = -49*p**2 - 2382*p + 771. Calculate n(-49).
-160
Let w(o) = -4737*o + 47469. Determine w(10).
99
Let b(m) = m**3 + 117*m**2 + 359*m + 1912. What is b(-114)?
-26
Let h(m) = 13*m**2 - 41309*m - 123918. What is h(-3)?
126
Let i(f) = -50*f - 5672. Calculate i(-114).
28
Let p(s) = 4*s**3 + 8*s**2 + 17188*s + 51589. What is p(-3)?
-11
Let r(m) = -3*m**2 + 131*m - 298. Give r(25).
1102
Let x(h) = 52*h**2 - 981*h - 980. Calculate x(-1).
53
Let a(q) = -4*q**3 + 34*q**2 + 552*q - 4771. Give a(9).
35
Let i(f) = f**2 + 1869*f + 1. Determine i(0).
1
Let w(x) = -39922*x - 1277430. Determine w(-32).
74
Let m(z) = -z**3 + 335*z**2 - 895*z + 76249. Give m(333).
-8
Let d(j) = 23*j - 3434. Calculate d(134).
-352
Let q(z) = -1835*z + 198073. Determine q(108).
-107
Let x(n) = -251*n - 34929. Calculate x(-138).
-291
Let w(o) = -23*o**3 - o**2 - 52*o - 141. Give w(-3).
627
Let b(j) = -4501*j - 2390031. Calculate b(-531).
0
Let y(c) = 9*c**2 + 764*c + 6750. What is y(-10)?
10
Let v(l) = -2*l**3 + 155*l**2 - 1030*l + 73383. Calculate v(77).
2
Let n(q) = q**3 + 133*q**2 + 527*q + 51929. Determine n(-132).
-211
Let k(l) = 8*l**3 + 84*l**2 - 1950*l - 19898. Calculate k(-10).
2
Let m(p) = -1396*p + 9193. Calculate m(8).
-1975
Let b(l) = -364*l + 3968. What is b(12)?
-400
Let h(k) = 847*k**2 + 13645*k + 29. What is h(-16)?
-1459
Let f(i) = 132*i**2 + 709*i + 568. What is f(-4)?
-156
Let u(v) = 2202*v + 70335. Give u(-32).
-129
Let j(u) = -5*u**2 - 76802*u + 153608. Give j(2).
-16
Let j(r) = 10*r**2 + 5418*r - 5423. Calculate j(1).
5
Let t(x) = x**2 - 1152*x - 762336. Calculate t(-470).
4
Let i(r) = -3*r**3 + 21*r**2 + 402*r - 2821. Determine i(7).
-7
Let q(t) = 483000*t - 10625994. Give q(22).
6
Let u(p) = -14*p**2 + p + 7907. What is u(24)?
-133
Let a(q) = q**3 + 189*q**2 + 1128*q + 148. Calculate a(-6).
-32
Let m(u) = -4*u**2 - 33*u - 59. Calculate m(-4).
9
Let r(l) = -11187*l + 146. Calculate r(0).
146
Let z(l) = -l**2 + 392*l - 37576. Calculate z(200).
824
Let c(p) = 223*p**2 - 570*p + 2892. Determine c(5).
5617
Let b(x) = -91858*x - 6521904. Calculate b(-71).
14
Let t(s) = s**2 + 2074*s + 101. What is t(0)?
101
Let b(s) = -2*s**3 - 4*s**2 + 11*s + 228. Give b(7).
-577
Let h(c) = 4*c**2 + 355*c + 884. Give h(-86).
-62
Let m(r) = -70281*r + 70276. Give m(1).
-5
Let n(y) = -y**3 - 24*y**2 + 218*y + 2720. Calculate n(-10).
-860
Let f(v) = 2*v**3 - 4*v**2 - 448*v + 61. What is f(-14)?
61
Let a(n) = -21213*n - 85103. Calculate a(-4).
-251
Let f(n) = -4044*n + 16157. Give f(4).
-19
Let z(c) = 425*c + 43371. What is z(-102)?
21
Let d(o) = 12194*o + 4463011. What is d(-366)?
7
Let s(z) = 318*z - 66127. Give s(207).
-301
Let n(t) = -62*t**2 - 5959*t - 35733. Give n(-6).
-2211
Let l(p) = 2*p**3 + 127*p**2 + 1916*p - 854. Calculate l(-38).
-18
Let w(h) = 23*h - 16550. Determine w(721).
33
Let f(z) = -6453*z + 231313. Calculate f(36).
-995
Let v(i) = -6*i**2 - 503*i + 4465. Determine v(-91).
552
Let x(i) = -11*i**3 + 218*i**2 + 17*i + 530. Determine x(20).
70
Let s(m) = 3486*m - 45322. What is s(13)?
-4
Let b(t) = t**3 - 364*t**2 - 43049*t - 1304. What is b(458)?
70
Let s(a) = 617*a - 19700. Give s(32).
44
Let c(q) = -26*q**2 - 1675*q + 6685. Give c(4).
-431
Let h(p) = -56*p**2 - 2359*p + 22455. Determine h(8).
-1
Let f(u) = 214082*u + 14343465. Give f(-67).
-29
Let a(x) = x**3 - 11*x**2 - 559*x - 2506. What is a(-5)?
-111
Let i(v) = -v**3 - 14*v**2 + 2520*v + 37650. Determine i(-15).
75
Let j(o) = -o**2 - 458718*o - 6421860. What is j(-14)?
-4
Let s(g) = -133*g**2 - 4220*g - 239. Determine s(-32).
-1391
Let a(h) = 30*h**3 - 19951*h**2 + 676*h - 7316. Give a(665).
-1
Let z(h) = 4*h**2 - 6259*h + 74549. What is z(12)?
17
Let i(q) = 9*q**3 + 42*q**2 - 28*q - 123. Determine i(-8).
-1819
Let y(j) = 139*j**2 + 4312*j + 43. Calculate y(-31).
-50
Let x(j) = -5*j**2 - 5437*j + 5439. Determine x(1).
-3
Let c(i) = -2*i**3 + 40*i**2 - 1888*i + 13570. Determine c(8).
2
Let z(j) = 7*j**2 - 5823*j - 225025. Calculate z(-37).
9
Let u(o) = -2026*o + 40641. Give u(20).
121
Let d(j) = 722*j + 1451. Give d(-2).
7
Let t(m) = m**3 - 248*m**2 + 723*m + 2835. Calculate t(245).
-105
Let a(r) = -29412*r + 13735402. Calculate a(467).
-2
Let i(g) = 2*g**3 + 55*g**2 + 408*g + 508. Determine i(-10).
-72
Let i(k) = -86*k**2 + 173*k - 558. What is i(9)?
-5967
Let d(w) = 59*w**2 + 216*w + 174. Calculate d(-8).
2222
Let k(o) = -55359*o - 110733. Give k(-2).
-15
Let m(c) = 2*c**3 + 27*c**2 - 56*c - 154. What is m(5)?
491
Let l(y) = y**3 + 51*y**2 - 390*y + 197. Determine l(-58).
-731
Let v(i) = 35030*i + 385369. Give v(-11).
39
Let n(p) = 15*p**3 - 239*p**2 - 29*p + 240. Calculate n(16).
32
Let b(x) = 3007*x**2 - 192454*x + 383. Give b(64).
-1
Let m(d) = 3611*d + 25209. Give m(-7).
-68
Let x(q) = 2*q**3 - 157*q**2 + 942*q - 164. Determine x(72).
268
Let s(q) = -q**3 + 576*q**2 + 6412*q + 36. What is s(-11)?
531
Let n(u) = u**3 + 97*u**2 - 1910*u + 3196. Determine n(-114).
4
Let o(l) = 2*l**3 - 354*l**2 - 1419*l + 125833. Determine o(